17
Let y = -176 + 219. Calculate the remainder when 343 is divided by y.
42
Let c = 320 - 311. Calculate the remainder when (-535)/(-15) - (-4)/(-6) is divided by c.
8
Suppose 150 = 3*o - 3*k, 188 = 4*o + 4*k - 2*k. What is the remainder when 66 is divided by o?
18
Suppose 5*l - 7*l = -10. Suppose l*v = -5*f + 585, -3*f - 4*v - 549 = -8*f. What is the remainder when f is divided by 19?
18
Suppose 0*y + 2*y = -2*k - 88, -2*y + 47 = -k. Let t = k + 98. Calculate the remainder when t is divided by 11.
9
Let m = -6 + 41. What is the remainder when 207 is divided by m?
32
Let a = 1716 - 1634. What is the remainder when a is divided by 51?
31
Let l be (1*2)/((-6)/(-18)). Suppose 4*o - 5*o = -l. Let a = -38 + 53. What is the remainder when a is divided by o?
3
Suppose 2*m - 139 = 107. What is the remainder when m is divided by (3 + -14)/((-7)/21)?
24
Suppose 2*p = -10, 0 = -g - 4*p - 17. Suppose 2*t - 2 = -0*t, 22 = g*a + 4*t. Calculate the remainder when 123/6 - 2/(-4) is divided by a.
3
Let i(f) = -f + 2. Let k(h) = -h + 2. Let b(p) = -5*i(p) + 4*k(p). What is the remainder when b(12) is divided by 5?
0
Suppose -5*o = -2*l - 1479, -2*o - 3*l + 579 = -8*l. What is the remainder when o is divided by 12?
9
Let s = 1904 - 1805. Calculate the remainder when 306 is divided by s.
9
Suppose -8835 = -13*j - 6*j. What is the remainder when j is divided by 39?
36
Let x = -7 - -20. Suppose 17*v - x*v - 860 = 0. Suppose -2*h - 3*h + v = 0. What is the remainder when h is divided by 15?
13
Suppose 3*x + q - 36 = 0, -2*x - 3*x + 4*q = -43. Calculate the remainder when 1778/42 - (-1)/(-3) is divided by x.
9
Calculate the remainder when 2*2/(-12) + (-452)/(-6) is divided by 26.
23
Let t(j) = -29*j**3. Let d be t(1). Let h = 59 + d. What is the remainder when 118 is divided by h?
28
Let t(d) = -d**3 - 5*d**2 + 5. Let h(g) = -g**3 + 2*g**2 + g - 7. Let b be h(3). Let v = b - -22. What is the remainder when v is divided by t(-5)?
4
Let g(f) = -2*f**3 - 7*f**2 - 5*f + 7. Calculate the remainder when g(-4) is divided by 22.
21
Let i = 367 + -139. What is the remainder when i is divided by (-334)/(-10) + (-4)/10?
30
Suppose v - 2*h = 21, 5*v - 56 = 4*v - 5*h. Calculate the remainder when (-860)/(-15) - 2/(-3) is divided by v.
27
Let s be (-140)/(-50) - 2/(-10). Suppose -u - s*u = -164. Calculate the remainder when u is divided by 21.
20
Let x(n) = -25*n - 1. What is the remainder when x(-2) is divided by 31 - 26 - (-4 - 4/2)?
5
Suppose 15*n - 104 = 331. Let k = 208 + -98. Calculate the remainder when k is divided by n.
23
Let b(w) be the second derivative of -w**4/12 + w**3/2 - 11*w**2/2 + 5*w. Let k be b(8). Let h = 91 + k. Calculate the remainder when h is divided by 14.
12
Let z(k) = -k**2 - 7*k + 42. What is the remainder when z(0) is divided by 16?
10
Let s(l) = -l**3 + 7*l**2 + 12*l - 16. Let i be s(8). Suppose 4*x - 6 - 14 = 0. Let r = i - x. What is the remainder when 41 is divided by r?
8
Suppose -3*h + 2 + 1 = -4*b, 3*b = -h + 1. Suppose 345 = -0*a + 5*a. What is the remainder when a is divided by 19 - (-2 + (b - -3))?
15
Suppose 3*m - 3*z - 88 = 35, -z + 205 = 5*m. What is the remainder when m is divided by 22?
19
Let g(v) = -v**3 + 2*v - 4. What is the remainder when (18*(-2)/(-4))/(24/128) is divided by g(-3)?
14
Let w(k) = 7*k + 9. Suppose 0 = -29*u - 45 + 509. Calculate the remainder when w(10) is divided by u.
15
Suppose 3*d = 6*d - 51. Suppose -2*q = 2 - 8. What is the remainder when ((-65)/(-4))/(q/12) is divided by d?
14
Let s = 80 - 57. Calculate the remainder when 31 is divided by s.
8
Suppose 12*a - 2146 = -17*a. Calculate the remainder when a is divided by 2.
0
Let l = 279 - 59. Calculate the remainder when l is divided by 25.
20
Let q(o) = -3*o**3 + 3*o**2 - o - 5. Let v(l) = -l**3 + l**2 - l + 1. Let a(j) = q(j) - 4*v(j). Calculate the remainder when 31 is divided by a(3).
13
Suppose -9 = 3*j - 0*j, -5*m + 4*j - 328 = 0. Let v be (2 - 6/4)*m. Let w = v - -64. Calculate the remainder when w is divided by 8.
6
Suppose h + t - 221 = 20, -2*h + 5*t + 510 = 0. Suppose -h = 18*z - 25*z. What is the remainder when 42 is divided by z?
7
Let y(c) = 2*c + 1. Suppose 8*n + 18 = 10*n. Suppose n*i = 354 - 48. Calculate the remainder when i is divided by y(2).
4
Let a(j) = 137*j**2 + j. Calculate the remainder when a(-1) is divided by 35.
31
What is the remainder when 128 is divided by (-4)/(40/55)*-6?
29
Suppose 2*k = 410 - 96. Let f(h) = -2*h**3 - 7*h**2 - 6*h - 8. What is the remainder when k is divided by f(-4)?
29
Calculate the remainder when (34/(-1))/(3 + 3 + -7) is divided by 15.
4
Let l(v) = -v**3 + 4*v**2 + 3*v + 2. Let s(g) = 4*g - 77. Let b be s(19). Calculate the remainder when 2 - b - ((-8)/(-4) + -80) is divided by l(4).
11
Let y(l) = -5*l - 6. Let n(r) = -r + 9. Let j be n(5). Suppose 4*k + 20 + j = 0. Calculate the remainder when y(k) is divided by 9.
6
Let m(z) be the first derivative of -1/2*z**2 + 6*z**3 + 0*z - 1. What is the remainder when m(1) is divided by 6?
5
Let g(o) = 24*o - 30. Let w be g(10). Let v = 218 - w. Suppose 114 = -2*t + 5*t. What is the remainder when t is divided by v?
6
Let z = 26 - 14. What is the remainder when 129/4 + 18/(-72) is divided by z?
8
Suppose 10*q = 258 + 62. What is the remainder when q is divided by 20?
12
Let o(n) = n**3 - 13*n**2 + 15*n - 28. Let w = 0 - -14. What is the remainder when w is divided by o(12)?
6
Suppose 23*h + 304 = 27*h. What is the remainder when h is divided by 49?
27
Calculate the remainder when (-4 + 1)*29/(-1) is divided by ((-3)/2)/(22/(-264)).
15
Suppose 31 = 4*k - g, 5*k - 2*g - 40 = -g. Let h = 72 + -38. What is the remainder when h is divided by k?
7
Let w(i) = -i - 4. Let m be w(-7). What is the remainder when (1 - m)*46/(-4) is divided by 7?
2
Let c(l) = -12*l + 597. Calculate the remainder when 51 is divided by c(48).
9
Suppose -j + 178 = -0*j - 3*n, -632 = -4*j - 4*n. What is the remainder when j is divided by 12?
7
Suppose -6*r - 22 = 2. Let j(k) = -40*k + 18. Calculate the remainder when j(r) is divided by 36.
34
Suppose 4*y + u = 77 + 8, 4*u + 122 = 5*y. What is the remainder when ((-3)/2)/(1/(-58)) is divided by y?
21
Suppose -3*o - 2*t + 14 = -123, -184 = -4*o - 4*t. What is the remainder when 222 is divided by o?
42
Let y = 7 - -3. Suppose d - 3*d = -y. Suppose -d*u + 84 = -u. Calculate the remainder when 81 is divided by u.
18
Let x be (12/36)/(((-12)/(-27))/4). Suppose 4*s - 78 = -2*o, -o + x*s + 29 = -0. Calculate the remainder when 103 is divided by o.
33
Let p be (-7)/14*(-73 - -1). Suppose 3*s - 2*k - 3*k - 54 = 0, -5*k = 2*s - p. Let r(y) = y**2 + y + 6. Calculate the remainder when s is divided by r(-3).
6
Let h(l) = 2*l**2 + 13*l - 127. Calculate the remainder when h(9) is divided by 54.
44
Suppose -168 = -3*f + 3*y, -3*f + 4*y + 171 = -0*f. What is the remainder when f is divided by 11?
9
Calculate the remainder when -36 + 144 + (-6)/(4/4) is divided by 40.
22
Suppose -3*j = j - 92. Suppose 0 = u - 5*z - 23, -5*u = 13*z - 16*z - 49. Calculate the remainder when j is divided by u.
7
Suppose -26*m + 4346 = 27*m. Calculate the remainder when m is divided by 9.
1
Calculate the remainder when (-1120)/(-64)*(-2 + 102/21) is divided by 16.
2
Let g(b) = 3*b**2 + 2*b + 2. Let u = 24 + -16. What is the remainder when g(-3) is divided by u?
7
Let q(v) = -31*v + 11. Let t be q(-2). Let a = 81 - t. Suppose 71 - 11 = 4*o. Calculate the remainder when o is divided by a.
7
Let w(n) = n**2 + 24*n + 11. Let i be w(-19). Let a = -65 - i. Suppose -p = 2*p - 105. What is the remainder when p is divided by a?
16
Suppose 3*o + 2 = 5*o. Suppose -9 = 22*g - 25*g. Suppose -2 = 2*r - g*u - 7, -2*u - 7 = -5*r. What is the remainder when r is divided by o?
0
Suppose -2*u + 63 = u. Suppose -u*n - 292 = -25*n. Calculate the remainder when n is divided by 19.
16
Let k(r) = -7*r**2 - 2*r + 11. What is the remainder when 60 is divided by k(0)?
5
Let z = 9 - 6. Suppose z*l + 28 = 4*l. Suppose w = -n + l, -3*w = 6*n - n - 142. Calculate the remainder when n is divided by 15.
14
Suppose -133 = -37*z + 496. Calculate the remainder when ((-30)/7)/(1/(-7)) is divided by z.
13
Let l = 88 - -290. Let a = l - 266. Calculate the remainder when a is divided by 23.
20
Let x(t) = t**2 + 22*t + 19.